{"id":209,"date":"2023-05-25T23:10:11","date_gmt":"2023-05-25T21:10:11","guid":{"rendered":"https:\/\/ferme-du-grommendyck.fr\/?page_id=209"},"modified":"2025-09-30T11:23:51","modified_gmt":"2025-09-30T09:23:51","slug":"boutiques-et-marches","status":"publish","type":"page","link":"https:\/\/ferme-du-grommendyck.fr\/index.php\/boutiques-et-marches\/","title":{"rendered":"Boutiques et march\u00e9s"},"content":{"rendered":"\n<p>Vous souhaitez d\u00e9couvrir nos produits de la Ferme du Grommendyck ? Vous pouvez soit vous rendre :<\/p>\n\n\n\n<ul class=\"wp-block-list\">\n<li>dans notre boutique \u00e0 la ferme<\/li>\n\n\n\n<li>dans nos boutiques partenaires<\/li>\n\n\n\n<li>sur les march\u00e9s de la r\u00e9gion Hauts-de-France. <\/li>\n<\/ul>\n\n\n\n<h2 class=\"wp-block-heading\">Notre boutique<\/h2>\n\n\n\n<p>Retrouvez nous directement sur place, dans la boutique de notre ferme au 4 chemin du Nieuw Gracht \u00e0 Bourbourg. Le magasin de la ferme est ouvert :<\/p>\n\n\n\n<ul class=\"wp-block-list\">\n<li>Le vendredi, de 10h \u00e0 16h<\/li>\n\n\n\n<li>Le samedi, de 8h \u00e0 12h<\/li>\n\n\n\n<li>Les jours de la semaine, uniquement sur commande<\/li>\n<\/ul>\n\n\n\n<h2 class=\"wp-block-heading\">Les autres boutiques<\/h2>\n\n\n\n<h3 class=\"wp-block-heading has-header-gradient-color has-text-color\"><mark style=\"background-color:rgba(0, 0, 0, 0)\" class=\"has-inline-color has-header-gradient-color\">Au Rond Point Fermier \u00e0 Bailleul<\/mark><\/h3>\n\n\n<div class=\"wp-block-image\">\n<figure class=\"alignleft size-large is-resized\"><img loading=\"lazy\" decoding=\"async\" width=\"2560\" height=\"2560\" src=\"https:\/\/ferme-du-grommendyck.fr\/wp-content\/uploads\/2023\/05\/Nouvelle-vitrine-magasin-Au-Ront-Point-Fermier-1-edited-scaled.jpg\" alt=\"\" class=\"wp-image-212\" style=\"width:311px;height:311px\" srcset=\"https:\/\/ferme-du-grommendyck.fr\/wp-content\/uploads\/2023\/05\/Nouvelle-vitrine-magasin-Au-Ront-Point-Fermier-1-edited-scaled.jpg 2560w, https:\/\/ferme-du-grommendyck.fr\/wp-content\/uploads\/2023\/05\/Nouvelle-vitrine-magasin-Au-Ront-Point-Fermier-1-edited-300x300.jpg 300w, https:\/\/ferme-du-grommendyck.fr\/wp-content\/uploads\/2023\/05\/Nouvelle-vitrine-magasin-Au-Ront-Point-Fermier-1-edited-1024x1024.jpg 1024w, https:\/\/ferme-du-grommendyck.fr\/wp-content\/uploads\/2023\/05\/Nouvelle-vitrine-magasin-Au-Ront-Point-Fermier-1-edited-150x150.jpg 150w, https:\/\/ferme-du-grommendyck.fr\/wp-content\/uploads\/2023\/05\/Nouvelle-vitrine-magasin-Au-Ront-Point-Fermier-1-edited-768x768.jpg 768w, https:\/\/ferme-du-grommendyck.fr\/wp-content\/uploads\/2023\/05\/Nouvelle-vitrine-magasin-Au-Ront-Point-Fermier-1-edited-1536x1536.jpg 1536w, https:\/\/ferme-du-grommendyck.fr\/wp-content\/uploads\/2023\/05\/Nouvelle-vitrine-magasin-Au-Ront-Point-Fermier-1-edited-2048x2048.jpg 2048w\" sizes=\"auto, (max-width: 2560px) 100vw, 2560px\" \/><\/figure>\n<\/div>\n\n\n<p>50 avenue de l&#8217;Europe<br>59 270 Bailleul<br>03 28 50 43 99<br>Retrouvez toutes les informations et horaires d&#8217;ouverture sur la page <a href=\"https:\/\/www.facebook.com\/rondpointfermier\" target=\"_blank\" rel=\"noopener\" title=\"\">Facebook Au Rond Point Fermier<\/a>.<br><br><br><\/p>\n\n\n\n<div style=\"height:5px\" aria-hidden=\"true\" class=\"wp-block-spacer\"><\/div>\n\n\n\n<h3 class=\"wp-block-heading\">Talents de Ferme \u00e0 Wambrechies<\/h3>\n\n\n<div class=\"wp-block-image\">\n<figure class=\"alignleft size-full is-resized\"><img loading=\"lazy\" decoding=\"async\" width=\"391\" height=\"391\" src=\"https:\/\/ferme-du-grommendyck.fr\/wp-content\/uploads\/2023\/05\/talents-fermes_3-edited.jpg\" alt=\"\" class=\"wp-image-214\" style=\"width:310px;height:310px\" srcset=\"https:\/\/ferme-du-grommendyck.fr\/wp-content\/uploads\/2023\/05\/talents-fermes_3-edited.jpg 391w, https:\/\/ferme-du-grommendyck.fr\/wp-content\/uploads\/2023\/05\/talents-fermes_3-edited-300x300.jpg 300w, https:\/\/ferme-du-grommendyck.fr\/wp-content\/uploads\/2023\/05\/talents-fermes_3-edited-150x150.jpg 150w\" sizes=\"auto, (max-width: 391px) 100vw, 391px\" \/><\/figure>\n<\/div>\n\n\n<p>601 rue de Bondues<br>59 118 Wambrechies<br>03 20 31 67 36<br>Pour conna\u00eetre toutes les informations et horaires d&#8217;ouverture, rendez-vous sur la page <a href=\"https:\/\/www.facebook.com\/rondpointfermier\" target=\"_blank\" rel=\"noreferrer noopener\">Facebook Talents de Ferme<\/a><\/p>\n\n\n\n<div style=\"height:10px\" aria-hidden=\"true\" class=\"wp-block-spacer\"><\/div>\n\n\n\n<h3 class=\"wp-block-heading\">La Ferme du Ch\u00eane Vert<\/h3>\n\n\n\n<p style=\"font-size:16px\"><em><strong>Cueillette de l\u00e9gumes et fruits, toute l&#8217;ann\u00e9e<\/strong><\/em><\/p>\n\n\n<div class=\"wp-block-image\">\n<figure class=\"alignleft size-large is-resized\"><img loading=\"lazy\" decoding=\"async\" width=\"1024\" height=\"768\" src=\"https:\/\/ferme-du-grommendyck.fr\/wp-content\/uploads\/2023\/05\/ferme-du-chene-vert-1024x768.jpg\" alt=\"Ferme du Ch\u00eane Vert \u00e0 Hoymolle\" class=\"wp-image-223\" style=\"width:332px;height:249px\" srcset=\"https:\/\/ferme-du-grommendyck.fr\/wp-content\/uploads\/2023\/05\/ferme-du-chene-vert-1024x768.jpg 1024w, https:\/\/ferme-du-grommendyck.fr\/wp-content\/uploads\/2023\/05\/ferme-du-chene-vert-300x225.jpg 300w, https:\/\/ferme-du-grommendyck.fr\/wp-content\/uploads\/2023\/05\/ferme-du-chene-vert-768x576.jpg 768w, https:\/\/ferme-du-grommendyck.fr\/wp-content\/uploads\/2023\/05\/ferme-du-chene-vert.jpg 1360w\" sizes=\"auto, (max-width: 1024px) 100vw, 1024px\" \/><\/figure>\n<\/div>\n\n\n<p>Pont de Zyckelin<br>59 492 Hoymille<br>06 74 24 14 45<\/p>\n\n\n\n<div style=\"height:10px\" aria-hidden=\"true\" class=\"wp-block-spacer\"><\/div>\n\n\n\n<h2 class=\"wp-block-heading\">Les march\u00e9s<\/h2>\n\n\n<div class=\"wp-block-image\">\n<figure class=\"alignright size-large is-resized\"><img loading=\"lazy\" decoding=\"async\" width=\"1024\" height=\"678\" src=\"https:\/\/ferme-du-grommendyck.fr\/wp-content\/uploads\/2023\/05\/THI_4544-1024x678.jpg\" alt=\"Camion des march\u00e9s de la Ferme du Grommendyck\" class=\"wp-image-217\" style=\"width:423px;height:279px\" srcset=\"https:\/\/ferme-du-grommendyck.fr\/wp-content\/uploads\/2023\/05\/THI_4544-1024x678.jpg 1024w, https:\/\/ferme-du-grommendyck.fr\/wp-content\/uploads\/2023\/05\/THI_4544-300x199.jpg 300w, https:\/\/ferme-du-grommendyck.fr\/wp-content\/uploads\/2023\/05\/THI_4544-768x509.jpg 768w, https:\/\/ferme-du-grommendyck.fr\/wp-content\/uploads\/2023\/05\/THI_4544-1536x1017.jpg 1536w, https:\/\/ferme-du-grommendyck.fr\/wp-content\/uploads\/2023\/05\/THI_4544-2048x1356.jpg 2048w\" sizes=\"auto, (max-width: 1024px) 100vw, 1024px\" \/><\/figure>\n<\/div>\n\n\n<p>Le&nbsp;Camion&nbsp;de la Ferme du Grommendyck s\u2019arr\u00eate tout au long de la semaine sur plusieurs&nbsp;march\u00e9s&nbsp;:<\/p>\n\n\n\n<p><strong>March\u00e9 de Bourbourg<\/strong>, le mardi de 8h \u00e0 12h<\/p>\n\n\n\n<p><strong>March\u00e9 de Dunkerque<\/strong> &#8211; Place du th\u00e9\u00e2tre, le mercredi et le samedi de 8h \u00e0 12h30<\/p>\n\n\n\n<p><strong>March\u00e9 de Gravelines,<\/strong> le mardi de 8h \u00e0 12h<\/p>\n\n\n\n<div style=\"height:10px\" aria-hidden=\"true\" class=\"wp-block-spacer\"><\/div>\n\n\n\n<div class=\"wp-block-buttons is-content-justification-center is-layout-flex wp-container-core-buttons-is-layout-a89b3969 wp-block-buttons-is-layout-flex\">\n<div class=\"wp-block-button has-custom-width wp-block-button__width-75\"><a class=\"wp-block-button__link has-white-color has-accent-background-color has-text-color has-background has-custom-font-size wp-element-button\" href=\"https:\/\/ferme-du-grommendyck.fr\/index.php\/nos-produits\/\" style=\"border-radius:0px;font-size:16px\">Voir tous nos produits<\/a><\/div>\n<\/div>\n\n\n\n<div style=\"height:30px\" aria-hidden=\"true\" class=\"wp-block-spacer\"><\/div>\n\n\n\n<p class=\"has-text-align-center has-small-font-size\"><a href=\"https:\/\/ferme-du-grommendyck.fr\/\" title=\"Accueil\">Retour \u00e0 l&#8217;accueil<\/a><\/p>\n","protected":false},"excerpt":{"rendered":"<p>Vous souhaitez d\u00e9couvrir nos produits de la Ferme du Grommendyck ? Vous pouvez soit vous rendre : Notre boutique Retrouvez nous directement sur place, dans la boutique de notre ferme au 4 chemin du Nieuw Gracht \u00e0 Bourbourg. Le magasin de la ferme est ouvert : Les autres boutiques Au [&hellip;]<\/p>\n","protected":false},"author":1,"featured_media":0,"parent":0,"menu_order":0,"comment_status":"closed","ping_status":"closed","template":"","meta":{"_monsterinsights_skip_tracking":false,"_monsterinsights_sitenote_active":false,"_monsterinsights_sitenote_note":"","_monsterinsights_sitenote_category":0,"footnotes":""},"class_list":["post-209","page","type-page","status-publish","hentry"],"aioseo_notices":[],"_links":{"self":[{"href":"https:\/\/ferme-du-grommendyck.fr\/index.php\/wp-json\/wp\/v2\/pages\/209","targetHints":{"allow":["GET"]}}],"collection":[{"href":"https:\/\/ferme-du-grommendyck.fr\/index.php\/wp-json\/wp\/v2\/pages"}],"about":[{"href":"https:\/\/ferme-du-grommendyck.fr\/index.php\/wp-json\/wp\/v2\/types\/page"}],"author":[{"embeddable":true,"href":"https:\/\/ferme-du-grommendyck.fr\/index.php\/wp-json\/wp\/v2\/users\/1"}],"replies":[{"embeddable":true,"href":"https:\/\/ferme-du-grommendyck.fr\/index.php\/wp-json\/wp\/v2\/comments?post=209"}],"version-history":[{"count":12,"href":"https:\/\/ferme-du-grommendyck.fr\/index.php\/wp-json\/wp\/v2\/pages\/209\/revisions"}],"predecessor-version":[{"id":708,"href":"https:\/\/ferme-du-grommendyck.fr\/index.php\/wp-json\/wp\/v2\/pages\/209\/revisions\/708"}],"wp:attachment":[{"href":"https:\/\/ferme-du-grommendyck.fr\/index.php\/wp-json\/wp\/v2\/media?parent=209"}],"curies":[{"name":"wp","href":"https:\/\/api.w.org\/{rel}","templated":true}]}}

Boutiques et marchés

<p>Vous souhaitez découvrir nos produits de la Ferme du Grommendyck ? Vous pouvez soit vous rendre :</p>



<ul class="wp-block-list">
<li>dans notre boutique à la ferme</li>



<li>dans nos boutiques partenaires</li>



<li>sur les marchés de la région Hauts-de-France. </li>
</ul>



<h2 class="wp-block-heading">Notre boutique</h2>



<p>Retrouvez nous directement sur place, dans la boutique de notre ferme au 4 chemin du Nieuw Gracht à Bourbourg. Le magasin de la ferme est ouvert :</p>



<ul class="wp-block-list">
<li>Le vendredi, de 10h à 16h</li>



<li>Le samedi, de 8h à 12h</li>



<li>Les jours de la semaine, uniquement sur commande</li>
</ul>



<h2 class="wp-block-heading">Les autres boutiques</h2>



<h3 class="wp-block-heading has-header-gradient-color has-text-color"><mark style="background-color:rgba(0, 0, 0, 0)" class="has-inline-color has-header-gradient-color">Au Rond Point Fermier à Bailleul</mark></h3>


<div class="wp-block-image">
<figure class="alignleft size-large is-resized"><img loading="lazy" decoding="async" width="2560" height="2560" src="https://ferme-du-grommendyck.fr/wp-content/uploads/2023/05/Nouvelle-vitrine-magasin-Au-Ront-Point-Fermier-1-edited-scaled.jpg" alt="" class="wp-image-212" style="width:311px;height:311px" srcset="https://ferme-du-grommendyck.fr/wp-content/uploads/2023/05/Nouvelle-vitrine-magasin-Au-Ront-Point-Fermier-1-edited-scaled.jpg 2560w, https://ferme-du-grommendyck.fr/wp-content/uploads/2023/05/Nouvelle-vitrine-magasin-Au-Ront-Point-Fermier-1-edited-300x300.jpg 300w, https://ferme-du-grommendyck.fr/wp-content/uploads/2023/05/Nouvelle-vitrine-magasin-Au-Ront-Point-Fermier-1-edited-1024x1024.jpg 1024w, https://ferme-du-grommendyck.fr/wp-content/uploads/2023/05/Nouvelle-vitrine-magasin-Au-Ront-Point-Fermier-1-edited-150x150.jpg 150w, https://ferme-du-grommendyck.fr/wp-content/uploads/2023/05/Nouvelle-vitrine-magasin-Au-Ront-Point-Fermier-1-edited-768x768.jpg 768w, https://ferme-du-grommendyck.fr/wp-content/uploads/2023/05/Nouvelle-vitrine-magasin-Au-Ront-Point-Fermier-1-edited-1536x1536.jpg 1536w, https://ferme-du-grommendyck.fr/wp-content/uploads/2023/05/Nouvelle-vitrine-magasin-Au-Ront-Point-Fermier-1-edited-2048x2048.jpg 2048w" sizes="auto, (max-width: 2560px) 100vw, 2560px" /></figure>
</div>


<p>50 avenue de l&#8217;Europe<br>59 270 Bailleul<br>03 28 50 43 99<br>Retrouvez toutes les informations et horaires d&#8217;ouverture sur la page <a href="https://www.facebook.com/rondpointfermier" target="_blank" rel="noopener" title="">Facebook Au Rond Point Fermier</a>.<br><br><br></p>



<div style="height:5px" aria-hidden="true" class="wp-block-spacer"></div>



<h3 class="wp-block-heading">Talents de Ferme à Wambrechies</h3>


<div class="wp-block-image">
<figure class="alignleft size-full is-resized"><img loading="lazy" decoding="async" width="391" height="391" src="https://ferme-du-grommendyck.fr/wp-content/uploads/2023/05/talents-fermes_3-edited.jpg" alt="" class="wp-image-214" style="width:310px;height:310px" srcset="https://ferme-du-grommendyck.fr/wp-content/uploads/2023/05/talents-fermes_3-edited.jpg 391w, https://ferme-du-grommendyck.fr/wp-content/uploads/2023/05/talents-fermes_3-edited-300x300.jpg 300w, https://ferme-du-grommendyck.fr/wp-content/uploads/2023/05/talents-fermes_3-edited-150x150.jpg 150w" sizes="auto, (max-width: 391px) 100vw, 391px" /></figure>
</div>


<p>601 rue de Bondues<br>59 118 Wambrechies<br>03 20 31 67 36<br>Pour connaître toutes les informations et horaires d&#8217;ouverture, rendez-vous sur la page <a href="https://www.facebook.com/rondpointfermier" target="_blank" rel="noreferrer noopener">Facebook Talents de Ferme</a></p>



<div style="height:10px" aria-hidden="true" class="wp-block-spacer"></div>



<h3 class="wp-block-heading">La Ferme du Chêne Vert</h3>



<p style="font-size:16px"><em><strong>Cueillette de légumes et fruits, toute l&#8217;année</strong></em></p>


<div class="wp-block-image">
<figure class="alignleft size-large is-resized"><img loading="lazy" decoding="async" width="1024" height="768" src="https://ferme-du-grommendyck.fr/wp-content/uploads/2023/05/ferme-du-chene-vert-1024x768.jpg" alt="Ferme du Chêne Vert à Hoymolle" class="wp-image-223" style="width:332px;height:249px" srcset="https://ferme-du-grommendyck.fr/wp-content/uploads/2023/05/ferme-du-chene-vert-1024x768.jpg 1024w, https://ferme-du-grommendyck.fr/wp-content/uploads/2023/05/ferme-du-chene-vert-300x225.jpg 300w, https://ferme-du-grommendyck.fr/wp-content/uploads/2023/05/ferme-du-chene-vert-768x576.jpg 768w, https://ferme-du-grommendyck.fr/wp-content/uploads/2023/05/ferme-du-chene-vert.jpg 1360w" sizes="auto, (max-width: 1024px) 100vw, 1024px" /></figure>
</div>


<p>Pont de Zyckelin<br>59 492 Hoymille<br>06 74 24 14 45</p>



<div style="height:10px" aria-hidden="true" class="wp-block-spacer"></div>



<h2 class="wp-block-heading">Les marchés</h2>


<div class="wp-block-image">
<figure class="alignright size-large is-resized"><img loading="lazy" decoding="async" width="1024" height="678" src="https://ferme-du-grommendyck.fr/wp-content/uploads/2023/05/THI_4544-1024x678.jpg" alt="Camion des marchés de la Ferme du Grommendyck" class="wp-image-217" style="width:423px;height:279px" srcset="https://ferme-du-grommendyck.fr/wp-content/uploads/2023/05/THI_4544-1024x678.jpg 1024w, https://ferme-du-grommendyck.fr/wp-content/uploads/2023/05/THI_4544-300x199.jpg 300w, https://ferme-du-grommendyck.fr/wp-content/uploads/2023/05/THI_4544-768x509.jpg 768w, https://ferme-du-grommendyck.fr/wp-content/uploads/2023/05/THI_4544-1536x1017.jpg 1536w, https://ferme-du-grommendyck.fr/wp-content/uploads/2023/05/THI_4544-2048x1356.jpg 2048w" sizes="auto, (max-width: 1024px) 100vw, 1024px" /></figure>
</div>


<p>Le&nbsp;Camion&nbsp;de la Ferme du Grommendyck s’arrête tout au long de la semaine sur plusieurs&nbsp;marchés&nbsp;:</p>



<p><strong>Marché de Bourbourg</strong>, le mardi de 8h à 12h</p>



<p><strong>Marché de Dunkerque</strong> &#8211; Place du théâtre, le mercredi et le samedi de 8h à 12h30</p>



<p><strong>Marché de Gravelines,</strong> le mardi de 8h à 12h</p>



<div style="height:10px" aria-hidden="true" class="wp-block-spacer"></div>



<div class="wp-block-buttons is-content-justification-center is-layout-flex wp-container-core-buttons-is-layout-a89b3969 wp-block-buttons-is-layout-flex">
<div class="wp-block-button has-custom-width wp-block-button__width-75"><a class="wp-block-button__link has-white-color has-accent-background-color has-text-color has-background has-custom-font-size wp-element-button" href="https://ferme-du-grommendyck.fr/index.php/nos-produits/" style="border-radius:0px;font-size:16px">Voir tous nos produits</a></div>
</div>



<div style="height:30px" aria-hidden="true" class="wp-block-spacer"></div>



<p class="has-text-align-center has-small-font-size"><a href="https://ferme-du-grommendyck.fr/" title="Accueil">Retour à l&#8217;accueil</a></p>

<p>Vous souhaitez découvrir nos produits de la Ferme du Grommendyck ? Vous pouvez soit vous rendre : Notre boutique Retrouvez nous directement sur place, dans la boutique de notre ferme au 4 chemin du Nieuw Gracht à Bourbourg. Le magasin de la ferme est ouvert : Les autres boutiques Au [&hellip;]</p>
