{"id":283,"date":"2023-05-28T22:44:58","date_gmt":"2023-05-28T20:44:58","guid":{"rendered":"https:\/\/ferme-du-grommendyck.fr\/?page_id=283"},"modified":"2025-07-18T10:39:06","modified_gmt":"2025-07-18T08:39:06","slug":"recette-roti-de-porc-aux-pruneaux","status":"publish","type":"page","link":"https:\/\/ferme-du-grommendyck.fr\/index.php\/recette-roti-de-porc-aux-pruneaux\/","title":{"rendered":"Recette | R\u00f4ti de porc aux pruneaux"},"content":{"rendered":"<div class=\"wp-block-image\">\n<figure class=\"alignleft size-full is-resized\"><img loading=\"lazy\" decoding=\"async\" width=\"2560\" height=\"1696\" src=\"http:\/\/ferme-du-grommendyck.fr\/wp-content\/uploads\/2025\/07\/ROTI-DE-PORC-1-scaled.jpg\" alt=\"\" class=\"wp-image-588\" style=\"aspect-ratio:1;width:171px;height:auto\" srcset=\"https:\/\/ferme-du-grommendyck.fr\/wp-content\/uploads\/2025\/07\/ROTI-DE-PORC-1-scaled.jpg 2560w, https:\/\/ferme-du-grommendyck.fr\/wp-content\/uploads\/2025\/07\/ROTI-DE-PORC-1-300x199.jpg 300w, https:\/\/ferme-du-grommendyck.fr\/wp-content\/uploads\/2025\/07\/ROTI-DE-PORC-1-1024x678.jpg 1024w, https:\/\/ferme-du-grommendyck.fr\/wp-content\/uploads\/2025\/07\/ROTI-DE-PORC-1-768x509.jpg 768w, https:\/\/ferme-du-grommendyck.fr\/wp-content\/uploads\/2025\/07\/ROTI-DE-PORC-1-1536x1017.jpg 1536w, https:\/\/ferme-du-grommendyck.fr\/wp-content\/uploads\/2025\/07\/ROTI-DE-PORC-1-2048x1356.jpg 2048w, https:\/\/ferme-du-grommendyck.fr\/wp-content\/uploads\/2025\/07\/ROTI-DE-PORC-1-360x240.jpg 360w\" sizes=\"auto, (max-width: 2560px) 100vw, 2560px\" \/><\/figure>\n<\/div>\n\n\n<p><strong>Pour 4 personnes<\/strong><\/p>\n\n\n\n<p><strong>Pr\u00e9paration&nbsp;: 30 minutes<\/strong><\/p>\n\n\n\n<p><strong>Cuisson&nbsp;: 60 minutes&nbsp;<\/strong><\/p>\n\n\n\n<div style=\"height:30px\" aria-hidden=\"true\" class=\"wp-block-spacer\"><\/div>\n\n\n\n<p>Pour cela, il faut&nbsp;: <\/p>\n\n\n\n<ul class=\"wp-block-list\">\n<li>1 r\u00f4ti de porc <\/li>\n\n\n\n<li>1 petit pot de cr\u00e8me<\/li>\n\n\n\n<li>20cL de vin blanc<\/li>\n\n\n\n<li>40 pruneaux d\u00e9noyaut\u00e9s <\/li>\n\n\n\n<li>2 c. \u00e0 caf\u00e9 de fond de veau<\/li>\n\n\n\n<li>4 gousses d\u2019ail <\/li>\n\n\n\n<li>margarine<\/li>\n\n\n\n<li>1 zeste d\u2019orange <\/li>\n\n\n\n<li>sel et poivre<\/li>\n<\/ul>\n\n\n\n<p>Ouvrir le r\u00f4ti en deux dans la longueur et le farcir de pruneaux. Le refermer et le reficeler.<br><br>Le faire dorer sur toutes ses faces, m\u00eame les bouts.<br><br>Ajouter les gousses d&#8217;ail, le vin blanc, le fond de veau. Surveiller la cuisson pendant 1 heure en tournant le r\u00f4ti.<br><br>Ajouter les pruneaux restants autour dans la cocotte, ainsi que le zeste d&#8217;orange. Poursuivre la cuisson 30 mn.<br><br>Ajouter la cr\u00e8me et laisser reprendre 1 bouillon.<br><br>Servir avec des&nbsp;p\u00e2tes fra\u00eeches.<\/p>\n\n\n\n<p><strong>Bon App\u00e9tit&nbsp;!<\/strong><\/p>\n\n\n\n<div style=\"height:30px\" aria-hidden=\"true\" class=\"wp-block-spacer\"><\/div>\n\n\n\n<div class=\"wp-block-buttons is-content-justification-center is-layout-flex wp-container-core-buttons-is-layout-a89b3969 wp-block-buttons-is-layout-flex\">\n<div class=\"wp-block-button has-custom-width wp-block-button__width-75\"><a class=\"wp-block-button__link has-white-color has-accent-background-color has-text-color has-background has-custom-font-size wp-element-button\" href=\"https:\/\/ferme-du-grommendyck.fr\/index.php\/recettes\/\" style=\"border-radius:0px;font-size:16px\">Voir toutes les recettes<\/a><\/div>\n<\/div>\n\n\n\n<div style=\"height:30px\" aria-hidden=\"true\" class=\"wp-block-spacer\"><\/div>\n\n\n\n<p class=\"has-text-align-center has-small-font-size\"><a href=\"https:\/\/ferme-du-grommendyck.fr\/\" title=\"Accueil\">Retour \u00e0 l&#8217;accueil<\/a><\/p>\n","protected":false},"excerpt":{"rendered":"<p>Pour 4 personnes Pr\u00e9paration&nbsp;: 30 minutes Cuisson&nbsp;: 60 minutes&nbsp; Pour cela, il faut&nbsp;: Ouvrir le r\u00f4ti en deux dans la longueur et le farcir de pruneaux. Le refermer et le reficeler. Le faire dorer sur toutes ses faces, m\u00eame les bouts. Ajouter les gousses d&#8217;ail, le vin blanc, le fond [&hellip;]<\/p>\n","protected":false},"author":1,"featured_media":0,"parent":0,"menu_order":0,"comment_status":"closed","ping_status":"closed","template":"","meta":{"_monsterinsights_skip_tracking":false,"_monsterinsights_sitenote_active":false,"_monsterinsights_sitenote_note":"","_monsterinsights_sitenote_category":0,"footnotes":""},"class_list":["post-283","page","type-page","status-publish","hentry"],"aioseo_notices":[],"_links":{"self":[{"href":"https:\/\/ferme-du-grommendyck.fr\/index.php\/wp-json\/wp\/v2\/pages\/283","targetHints":{"allow":["GET"]}}],"collection":[{"href":"https:\/\/ferme-du-grommendyck.fr\/index.php\/wp-json\/wp\/v2\/pages"}],"about":[{"href":"https:\/\/ferme-du-grommendyck.fr\/index.php\/wp-json\/wp\/v2\/types\/page"}],"author":[{"embeddable":true,"href":"https:\/\/ferme-du-grommendyck.fr\/index.php\/wp-json\/wp\/v2\/users\/1"}],"replies":[{"embeddable":true,"href":"https:\/\/ferme-du-grommendyck.fr\/index.php\/wp-json\/wp\/v2\/comments?post=283"}],"version-history":[{"count":5,"href":"https:\/\/ferme-du-grommendyck.fr\/index.php\/wp-json\/wp\/v2\/pages\/283\/revisions"}],"predecessor-version":[{"id":589,"href":"https:\/\/ferme-du-grommendyck.fr\/index.php\/wp-json\/wp\/v2\/pages\/283\/revisions\/589"}],"wp:attachment":[{"href":"https:\/\/ferme-du-grommendyck.fr\/index.php\/wp-json\/wp\/v2\/media?parent=283"}],"curies":[{"name":"wp","href":"https:\/\/api.w.org\/{rel}","templated":true}]}}

Recette | Rôti de porc aux pruneaux

<div class="wp-block-image">
<figure class="alignleft size-full is-resized"><img loading="lazy" decoding="async" width="2560" height="1696" src="http://ferme-du-grommendyck.fr/wp-content/uploads/2025/07/ROTI-DE-PORC-1-scaled.jpg" alt="" class="wp-image-588" style="aspect-ratio:1;width:171px;height:auto" srcset="https://ferme-du-grommendyck.fr/wp-content/uploads/2025/07/ROTI-DE-PORC-1-scaled.jpg 2560w, https://ferme-du-grommendyck.fr/wp-content/uploads/2025/07/ROTI-DE-PORC-1-300x199.jpg 300w, https://ferme-du-grommendyck.fr/wp-content/uploads/2025/07/ROTI-DE-PORC-1-1024x678.jpg 1024w, https://ferme-du-grommendyck.fr/wp-content/uploads/2025/07/ROTI-DE-PORC-1-768x509.jpg 768w, https://ferme-du-grommendyck.fr/wp-content/uploads/2025/07/ROTI-DE-PORC-1-1536x1017.jpg 1536w, https://ferme-du-grommendyck.fr/wp-content/uploads/2025/07/ROTI-DE-PORC-1-2048x1356.jpg 2048w, https://ferme-du-grommendyck.fr/wp-content/uploads/2025/07/ROTI-DE-PORC-1-360x240.jpg 360w" sizes="auto, (max-width: 2560px) 100vw, 2560px" /></figure>
</div>


<p><strong>Pour 4 personnes</strong></p>



<p><strong>Préparation&nbsp;: 30 minutes</strong></p>



<p><strong>Cuisson&nbsp;: 60 minutes&nbsp;</strong></p>



<div style="height:30px" aria-hidden="true" class="wp-block-spacer"></div>



<p>Pour cela, il faut&nbsp;: </p>



<ul class="wp-block-list">
<li>1 rôti de porc </li>



<li>1 petit pot de crème</li>



<li>20cL de vin blanc</li>



<li>40 pruneaux dénoyautés </li>



<li>2 c. à café de fond de veau</li>



<li>4 gousses d’ail </li>



<li>margarine</li>



<li>1 zeste d’orange </li>



<li>sel et poivre</li>
</ul>



<p>Ouvrir le rôti en deux dans la longueur et le farcir de pruneaux. Le refermer et le reficeler.<br><br>Le faire dorer sur toutes ses faces, même les bouts.<br><br>Ajouter les gousses d&#8217;ail, le vin blanc, le fond de veau. Surveiller la cuisson pendant 1 heure en tournant le rôti.<br><br>Ajouter les pruneaux restants autour dans la cocotte, ainsi que le zeste d&#8217;orange. Poursuivre la cuisson 30 mn.<br><br>Ajouter la crème et laisser reprendre 1 bouillon.<br><br>Servir avec des&nbsp;pâtes fraîches.</p>



<p><strong>Bon Appétit&nbsp;!</strong></p>



<div style="height:30px" aria-hidden="true" class="wp-block-spacer"></div>



<div class="wp-block-buttons is-content-justification-center is-layout-flex wp-container-core-buttons-is-layout-a89b3969 wp-block-buttons-is-layout-flex">
<div class="wp-block-button has-custom-width wp-block-button__width-75"><a class="wp-block-button__link has-white-color has-accent-background-color has-text-color has-background has-custom-font-size wp-element-button" href="https://ferme-du-grommendyck.fr/index.php/recettes/" style="border-radius:0px;font-size:16px">Voir toutes les recettes</a></div>
</div>



<div style="height:30px" aria-hidden="true" class="wp-block-spacer"></div>



<p class="has-text-align-center has-small-font-size"><a href="https://ferme-du-grommendyck.fr/" title="Accueil">Retour à l&#8217;accueil</a></p>

<p>Pour 4 personnes Préparation&nbsp;: 30 minutes Cuisson&nbsp;: 60 minutes&nbsp; Pour cela, il faut&nbsp;: Ouvrir le rôti en deux dans la longueur et le farcir de pruneaux. Le refermer et le reficeler. Le faire dorer sur toutes ses faces, même les bouts. Ajouter les gousses d&#8217;ail, le vin blanc, le fond [&hellip;]</p>
