{"id":297,"date":"2023-05-29T19:07:04","date_gmt":"2023-05-29T17:07:04","guid":{"rendered":"https:\/\/ferme-du-grommendyck.fr\/?page_id=297"},"modified":"2025-07-18T10:42:00","modified_gmt":"2025-07-18T08:42:00","slug":"recette-saute-de-porc-au-curry","status":"publish","type":"page","link":"https:\/\/ferme-du-grommendyck.fr\/index.php\/recette-saute-de-porc-au-curry\/","title":{"rendered":"Recette | Saut\u00e9 de porc au curry"},"content":{"rendered":"<div class=\"wp-block-image\">\n<figure class=\"alignleft size-full is-resized\"><img loading=\"lazy\" decoding=\"async\" width=\"2560\" height=\"1696\" src=\"http:\/\/ferme-du-grommendyck.fr\/wp-content\/uploads\/2025\/07\/SAUTE-scaled.jpg\" alt=\"\" class=\"wp-image-539\" style=\"aspect-ratio:1.3373015873015872;width:372px;height:auto\" srcset=\"https:\/\/ferme-du-grommendyck.fr\/wp-content\/uploads\/2025\/07\/SAUTE-scaled.jpg 2560w, https:\/\/ferme-du-grommendyck.fr\/wp-content\/uploads\/2025\/07\/SAUTE-300x199.jpg 300w, https:\/\/ferme-du-grommendyck.fr\/wp-content\/uploads\/2025\/07\/SAUTE-1024x678.jpg 1024w, https:\/\/ferme-du-grommendyck.fr\/wp-content\/uploads\/2025\/07\/SAUTE-768x509.jpg 768w, https:\/\/ferme-du-grommendyck.fr\/wp-content\/uploads\/2025\/07\/SAUTE-1536x1017.jpg 1536w, https:\/\/ferme-du-grommendyck.fr\/wp-content\/uploads\/2025\/07\/SAUTE-2048x1356.jpg 2048w, https:\/\/ferme-du-grommendyck.fr\/wp-content\/uploads\/2025\/07\/SAUTE-360x240.jpg 360w\" sizes=\"auto, (max-width: 2560px) 100vw, 2560px\" \/><\/figure>\n<\/div>\n\n\n<p><strong>Pour 4 personnes<\/strong><\/p>\n\n\n\n<p><strong>Pr\u00e9paration&nbsp;: 15 minutes<\/strong><\/p>\n\n\n\n<p><strong>Cuisson&nbsp;: 90 minutes&nbsp;<\/strong><\/p>\n\n\n\n<div style=\"height:30px\" aria-hidden=\"true\" class=\"wp-block-spacer\"><\/div>\n\n\n\n<p>Pour cela, il faut&nbsp;: <\/p>\n\n\n\n<ul class=\"wp-block-list\">\n<li>800 g de saut\u00e9 de porc<\/li>\n\n\n\n<li>2 oignons moyens<\/li>\n\n\n\n<li>1 cuill\u00e8re \u00e0 caf\u00e9 de curry<\/li>\n\n\n\n<li>400 ml de cr\u00e8me<\/li>\n\n\n\n<li>800 ml d\u2019eau&nbsp;<\/li>\n\n\n\n<li>Sel, poivre<\/li>\n\n\n\n<li>Ma\u00efzena<\/li>\n<\/ul>\n\n\n\n<p>\u00c9plucher les oignons et les couper en petits cubes et les faire revenir.<\/p>\n\n\n\n<p>Une fois que les oignons sont un peu color\u00e9s ajouter la viande et la faire revenir.<\/p>\n\n\n\n<p>Mettre le curry, le sel, le poivre et m\u00e9langer<\/p>\n\n\n\n<p>Ajouter l\u2019eau, couvrir et laisser cuire une heure \u00e0 feu doux.<\/p>\n\n\n\n<p>Apr\u00e8s la fin du temps, ajouter la cr\u00e8me et laisser cuire encore une demi-heure.<\/p>\n\n\n\n<p>Lier votre sauce avec la ma\u00efzena pr\u00e9alablement dilu\u00e9 dans un peu d\u2019eau.<\/p>\n\n\n\n<p>Vous pouvez accompagner ce plat avec du riz, des pommes de terre, des tagliatelles&#8230;<\/p>\n\n\n\n<p>Bon App\u00e9tit&nbsp;!<\/p>\n\n\n\n<div style=\"height:30px\" aria-hidden=\"true\" class=\"wp-block-spacer\"><\/div>\n\n\n\n<div class=\"wp-block-buttons is-content-justification-center is-layout-flex wp-container-core-buttons-is-layout-a89b3969 wp-block-buttons-is-layout-flex\">\n<div class=\"wp-block-button has-custom-width wp-block-button__width-75\"><a class=\"wp-block-button__link has-white-color has-accent-background-color has-text-color has-background has-custom-font-size wp-element-button\" href=\"https:\/\/ferme-du-grommendyck.fr\/index.php\/recettes\/\" style=\"border-radius:0px;font-size:16px\">Voir toutes les recettes<\/a><\/div>\n<\/div>\n\n\n\n<div style=\"height:30px\" aria-hidden=\"true\" class=\"wp-block-spacer\"><\/div>\n\n\n\n<p class=\"has-text-align-center has-small-font-size\"><a href=\"https:\/\/ferme-du-grommendyck.fr\/\" title=\"Accueil\">Retour \u00e0 l&#8217;accueil<\/a><\/p>\n","protected":false},"excerpt":{"rendered":"<p>Pour 4 personnes Pr\u00e9paration&nbsp;: 15 minutes Cuisson&nbsp;: 90 minutes&nbsp; Pour cela, il faut&nbsp;: \u00c9plucher les oignons et les couper en petits cubes et les faire revenir. Une fois que les oignons sont un peu color\u00e9s ajouter la viande et la faire revenir. Mettre le curry, le sel, le poivre et [&hellip;]<\/p>\n","protected":false},"author":1,"featured_media":0,"parent":0,"menu_order":0,"comment_status":"closed","ping_status":"closed","template":"","meta":{"_monsterinsights_skip_tracking":false,"_monsterinsights_sitenote_active":false,"_monsterinsights_sitenote_note":"","_monsterinsights_sitenote_category":0,"footnotes":""},"class_list":["post-297","page","type-page","status-publish","hentry"],"aioseo_notices":[],"_links":{"self":[{"href":"https:\/\/ferme-du-grommendyck.fr\/index.php\/wp-json\/wp\/v2\/pages\/297","targetHints":{"allow":["GET"]}}],"collection":[{"href":"https:\/\/ferme-du-grommendyck.fr\/index.php\/wp-json\/wp\/v2\/pages"}],"about":[{"href":"https:\/\/ferme-du-grommendyck.fr\/index.php\/wp-json\/wp\/v2\/types\/page"}],"author":[{"embeddable":true,"href":"https:\/\/ferme-du-grommendyck.fr\/index.php\/wp-json\/wp\/v2\/users\/1"}],"replies":[{"embeddable":true,"href":"https:\/\/ferme-du-grommendyck.fr\/index.php\/wp-json\/wp\/v2\/comments?post=297"}],"version-history":[{"count":5,"href":"https:\/\/ferme-du-grommendyck.fr\/index.php\/wp-json\/wp\/v2\/pages\/297\/revisions"}],"predecessor-version":[{"id":592,"href":"https:\/\/ferme-du-grommendyck.fr\/index.php\/wp-json\/wp\/v2\/pages\/297\/revisions\/592"}],"wp:attachment":[{"href":"https:\/\/ferme-du-grommendyck.fr\/index.php\/wp-json\/wp\/v2\/media?parent=297"}],"curies":[{"name":"wp","href":"https:\/\/api.w.org\/{rel}","templated":true}]}}

Recette | Sauté de porc au curry

<div class="wp-block-image">
<figure class="alignleft size-full is-resized"><img loading="lazy" decoding="async" width="2560" height="1696" src="http://ferme-du-grommendyck.fr/wp-content/uploads/2025/07/SAUTE-scaled.jpg" alt="" class="wp-image-539" style="aspect-ratio:1.3373015873015872;width:372px;height:auto" srcset="https://ferme-du-grommendyck.fr/wp-content/uploads/2025/07/SAUTE-scaled.jpg 2560w, https://ferme-du-grommendyck.fr/wp-content/uploads/2025/07/SAUTE-300x199.jpg 300w, https://ferme-du-grommendyck.fr/wp-content/uploads/2025/07/SAUTE-1024x678.jpg 1024w, https://ferme-du-grommendyck.fr/wp-content/uploads/2025/07/SAUTE-768x509.jpg 768w, https://ferme-du-grommendyck.fr/wp-content/uploads/2025/07/SAUTE-1536x1017.jpg 1536w, https://ferme-du-grommendyck.fr/wp-content/uploads/2025/07/SAUTE-2048x1356.jpg 2048w, https://ferme-du-grommendyck.fr/wp-content/uploads/2025/07/SAUTE-360x240.jpg 360w" sizes="auto, (max-width: 2560px) 100vw, 2560px" /></figure>
</div>


<p><strong>Pour 4 personnes</strong></p>



<p><strong>Préparation&nbsp;: 15 minutes</strong></p>



<p><strong>Cuisson&nbsp;: 90 minutes&nbsp;</strong></p>



<div style="height:30px" aria-hidden="true" class="wp-block-spacer"></div>



<p>Pour cela, il faut&nbsp;: </p>



<ul class="wp-block-list">
<li>800 g de sauté de porc</li>



<li>2 oignons moyens</li>



<li>1 cuillère à café de curry</li>



<li>400 ml de crème</li>



<li>800 ml d’eau&nbsp;</li>



<li>Sel, poivre</li>



<li>Maïzena</li>
</ul>



<p>Éplucher les oignons et les couper en petits cubes et les faire revenir.</p>



<p>Une fois que les oignons sont un peu colorés ajouter la viande et la faire revenir.</p>



<p>Mettre le curry, le sel, le poivre et mélanger</p>



<p>Ajouter l’eau, couvrir et laisser cuire une heure à feu doux.</p>



<p>Après la fin du temps, ajouter la crème et laisser cuire encore une demi-heure.</p>



<p>Lier votre sauce avec la maïzena préalablement dilué dans un peu d’eau.</p>



<p>Vous pouvez accompagner ce plat avec du riz, des pommes de terre, des tagliatelles&#8230;</p>



<p>Bon Appétit&nbsp;!</p>



<div style="height:30px" aria-hidden="true" class="wp-block-spacer"></div>



<div class="wp-block-buttons is-content-justification-center is-layout-flex wp-container-core-buttons-is-layout-a89b3969 wp-block-buttons-is-layout-flex">
<div class="wp-block-button has-custom-width wp-block-button__width-75"><a class="wp-block-button__link has-white-color has-accent-background-color has-text-color has-background has-custom-font-size wp-element-button" href="https://ferme-du-grommendyck.fr/index.php/recettes/" style="border-radius:0px;font-size:16px">Voir toutes les recettes</a></div>
</div>



<div style="height:30px" aria-hidden="true" class="wp-block-spacer"></div>



<p class="has-text-align-center has-small-font-size"><a href="https://ferme-du-grommendyck.fr/" title="Accueil">Retour à l&#8217;accueil</a></p>

<p>Pour 4 personnes Préparation&nbsp;: 15 minutes Cuisson&nbsp;: 90 minutes&nbsp; Pour cela, il faut&nbsp;: Éplucher les oignons et les couper en petits cubes et les faire revenir. Une fois que les oignons sont un peu colorés ajouter la viande et la faire revenir. Mettre le curry, le sel, le poivre et [&hellip;]</p>
