{"id":464,"date":"2025-01-01T00:00:15","date_gmt":"2024-12-31T23:00:15","guid":{"rendered":"https:\/\/ferme-du-grommendyck.fr\/?page_id=464"},"modified":"2025-09-30T11:23:00","modified_gmt":"2025-09-30T09:23:00","slug":"colis-2","status":"publish","type":"page","link":"https:\/\/ferme-du-grommendyck.fr\/index.php\/colis-2\/","title":{"rendered":"COLIS 2025"},"content":{"rendered":"\n<p>D\u00e9couvrez notre brochure pour les colis. Merci de passer vos commandes au 06 08 33 53 89 d\u00e8s que vous \u00eates d\u00e9cid\u00e9s. <\/p>\n\n\n\n<p>Retrait au magasin le vendredi de 10h00 \u00e0 16h00 ou le samedi de 08h00 \u00e0 12h00.<\/p>\n\n\n\n<div class=\"wp-block-buttons is-layout-flex wp-block-buttons-is-layout-flex\">\n<div class=\"wp-block-button has-custom-width wp-block-button__width-50\"><a class=\"wp-block-button__link has-accent-background-color has-background has-text-align-center has-custom-font-size wp-element-button\" href=\"https:\/\/ferme-du-grommendyck.fr\/wp-content\/uploads\/2025\/09\/COLIS-20253.png\" style=\"border-radius:0px;font-size:16px\" target=\"_blank\" rel=\"noreferrer noopener\">T\u00e9l\u00e9charger la brochure des colis<\/a><\/div>\n<\/div>\n\n\n\n<figure class=\"wp-block-image size-large\"><img loading=\"lazy\" decoding=\"async\" width=\"724\" height=\"1024\" src=\"http:\/\/ferme-du-grommendyck.fr\/wp-content\/uploads\/2025\/09\/COLIS-20253-724x1024.png\" alt=\"\" class=\"wp-image-701\" srcset=\"https:\/\/ferme-du-grommendyck.fr\/wp-content\/uploads\/2025\/09\/COLIS-20253-724x1024.png 724w, https:\/\/ferme-du-grommendyck.fr\/wp-content\/uploads\/2025\/09\/COLIS-20253-212x300.png 212w, https:\/\/ferme-du-grommendyck.fr\/wp-content\/uploads\/2025\/09\/COLIS-20253-768x1086.png 768w, https:\/\/ferme-du-grommendyck.fr\/wp-content\/uploads\/2025\/09\/COLIS-20253-1086x1536.png 1086w, https:\/\/ferme-du-grommendyck.fr\/wp-content\/uploads\/2025\/09\/COLIS-20253.png 1414w\" sizes=\"auto, (max-width: 724px) 100vw, 724px\" \/><\/figure>\n\n\n\n<div style=\"height:41px\" aria-hidden=\"true\" class=\"wp-block-spacer\"><\/div>\n\n\n\n<div style=\"height:100px\" aria-hidden=\"true\" class=\"wp-block-spacer\"><\/div>\n","protected":false},"excerpt":{"rendered":"<p>D\u00e9couvrez notre brochure pour les colis. Merci de passer vos commandes au 06 08 33 53 89 d\u00e8s que vous \u00eates d\u00e9cid\u00e9s. Retrait au magasin le vendredi de 10h00 \u00e0 16h00 ou le samedi de 08h00 \u00e0 12h00.<\/p>\n","protected":false},"author":1,"featured_media":0,"parent":0,"menu_order":0,"comment_status":"closed","ping_status":"closed","template":"","meta":{"_monsterinsights_skip_tracking":false,"_monsterinsights_sitenote_active":false,"_monsterinsights_sitenote_note":"","_monsterinsights_sitenote_category":0,"footnotes":""},"class_list":["post-464","page","type-page","status-publish","hentry"],"aioseo_notices":[],"_links":{"self":[{"href":"https:\/\/ferme-du-grommendyck.fr\/index.php\/wp-json\/wp\/v2\/pages\/464","targetHints":{"allow":["GET"]}}],"collection":[{"href":"https:\/\/ferme-du-grommendyck.fr\/index.php\/wp-json\/wp\/v2\/pages"}],"about":[{"href":"https:\/\/ferme-du-grommendyck.fr\/index.php\/wp-json\/wp\/v2\/types\/page"}],"author":[{"embeddable":true,"href":"https:\/\/ferme-du-grommendyck.fr\/index.php\/wp-json\/wp\/v2\/users\/1"}],"replies":[{"embeddable":true,"href":"https:\/\/ferme-du-grommendyck.fr\/index.php\/wp-json\/wp\/v2\/comments?post=464"}],"version-history":[{"count":12,"href":"https:\/\/ferme-du-grommendyck.fr\/index.php\/wp-json\/wp\/v2\/pages\/464\/revisions"}],"predecessor-version":[{"id":707,"href":"https:\/\/ferme-du-grommendyck.fr\/index.php\/wp-json\/wp\/v2\/pages\/464\/revisions\/707"}],"wp:attachment":[{"href":"https:\/\/ferme-du-grommendyck.fr\/index.php\/wp-json\/wp\/v2\/media?parent=464"}],"curies":[{"name":"wp","href":"https:\/\/api.w.org\/{rel}","templated":true}]}}

<p>Découvrez notre brochure pour les colis. Merci de passer vos commandes au 06 08 33 53 89 dès que vous êtes décidés. </p>



<p>Retrait au magasin le vendredi de 10h00 à 16h00 ou le samedi de 08h00 à 12h00.</p>



<div class="wp-block-buttons is-layout-flex wp-block-buttons-is-layout-flex">
<div class="wp-block-button has-custom-width wp-block-button__width-50"><a class="wp-block-button__link has-accent-background-color has-background has-text-align-center has-custom-font-size wp-element-button" href="https://ferme-du-grommendyck.fr/wp-content/uploads/2025/09/COLIS-20253.png" style="border-radius:0px;font-size:16px" target="_blank" rel="noreferrer noopener">Télécharger la brochure des colis</a></div>
</div>



<figure class="wp-block-image size-large"><img loading="lazy" decoding="async" width="724" height="1024" src="http://ferme-du-grommendyck.fr/wp-content/uploads/2025/09/COLIS-20253-724x1024.png" alt="" class="wp-image-701" srcset="https://ferme-du-grommendyck.fr/wp-content/uploads/2025/09/COLIS-20253-724x1024.png 724w, https://ferme-du-grommendyck.fr/wp-content/uploads/2025/09/COLIS-20253-212x300.png 212w, https://ferme-du-grommendyck.fr/wp-content/uploads/2025/09/COLIS-20253-768x1086.png 768w, https://ferme-du-grommendyck.fr/wp-content/uploads/2025/09/COLIS-20253-1086x1536.png 1086w, https://ferme-du-grommendyck.fr/wp-content/uploads/2025/09/COLIS-20253.png 1414w" sizes="auto, (max-width: 724px) 100vw, 724px" /></figure>



<div style="height:41px" aria-hidden="true" class="wp-block-spacer"></div>



<div style="height:100px" aria-hidden="true" class="wp-block-spacer"></div>

<p>Découvrez notre brochure pour les colis. Merci de passer vos commandes au 06 08 33 53 89 dès que vous êtes décidés. Retrait au magasin le vendredi de 10h00 à 16h00 ou le samedi de 08h00 à 12h00.</p>
