{"id":49,"date":"2023-05-22T15:30:57","date_gmt":"2023-05-22T13:30:57","guid":{"rendered":"https:\/\/ferme-du-grommendyck.fr\/?page_id=49"},"modified":"2025-11-27T15:23:03","modified_gmt":"2025-11-27T14:23:03","slug":"la-ferme-du-grommendyck","status":"publish","type":"page","link":"https:\/\/ferme-du-grommendyck.fr\/index.php\/la-ferme-du-grommendyck\/","title":{"rendered":"La Ferme du Grommendyck"},"content":{"rendered":"\n<p>Au c\u0153ur de la Flandre maritime, la Ferme du Grommendyck \u00e9l\u00e8ve des porcs nourris aux c\u00e9r\u00e9ales cultiv\u00e9es sur place. C&#8217;est depuis 1995 que la Ferme du Grommendyck d\u00e9fend la production locale et les circuits courts pour garantir un go\u00fbt incomparable.<\/p>\n\n\n\n<div style=\"height:50px\" aria-hidden=\"true\" class=\"wp-block-spacer\"><\/div>\n\n\n\n<h2 class=\"wp-block-heading has-medium-font-size\"><strong>Un \u00e9levage de qualit\u00e9<\/strong><\/h2>\n\n\n<div class=\"wp-block-image\">\n<figure class=\"alignleft size-large is-resized\"><img loading=\"lazy\" decoding=\"async\" width=\"1024\" height=\"678\" src=\"http:\/\/ferme-du-grommendyck.fr\/wp-content\/uploads\/2023\/05\/THI_4500-1024x678.jpg\" alt=\"\" class=\"wp-image-22\" style=\"width:408px;height:269px\" srcset=\"https:\/\/ferme-du-grommendyck.fr\/wp-content\/uploads\/2023\/05\/THI_4500-1024x678.jpg 1024w, https:\/\/ferme-du-grommendyck.fr\/wp-content\/uploads\/2023\/05\/THI_4500-300x199.jpg 300w, https:\/\/ferme-du-grommendyck.fr\/wp-content\/uploads\/2023\/05\/THI_4500-768x509.jpg 768w, https:\/\/ferme-du-grommendyck.fr\/wp-content\/uploads\/2023\/05\/THI_4500-1536x1017.jpg 1536w, https:\/\/ferme-du-grommendyck.fr\/wp-content\/uploads\/2023\/05\/THI_4500-2048x1356.jpg 2048w\" sizes=\"auto, (max-width: 1024px) 100vw, 1024px\" \/><\/figure>\n<\/div>\n\n\n<p>L\u2019\u00e9quipe de la Ferme du Grommendyck \u00e9l\u00e8ve environ 80 truies, un \u00e9levage de taille moyenne, ainsi que leurs petits. <strong>Cet \u00e9levage est compos\u00e9 uniquement de truies de races rustiques s\u00e9lectionn\u00e9es pour leur qualit\u00e9 gustative<\/strong>. Une vraie diff\u00e9rence pour vos papilles&nbsp;!<\/p>\n\n\n\n<div style=\"height:10px\" aria-hidden=\"true\" class=\"wp-block-spacer\"><\/div>\n\n\n\n<p>Notre \u00e9levage \u00e9volue uniquement en fonction des besoins. A raison de 2 port\u00e9es par an, chaque truie donne naissance \u00e0 une douzaine de porcelets par port\u00e9e. Ces porcelets seront allait\u00e9s jusqu\u2019\u00e0 4 semaines apr\u00e8s leur naissance.&nbsp;<\/p>\n\n\n\n<p>Une semaine apr\u00e8s leur naissance, les porcelets sont mis en libert\u00e9 sur paille. Une pratique unique&nbsp;!<\/p>\n\n\n\n<p>Gage de qualit\u00e9, <strong>l\u2019\u00e9levage sur paille repr\u00e9sente le meilleur milieu naturel <\/strong>dans lequel nos animaux peuvent grandir. Ainsi, ils sont \u00e9panouis. Pouss\u00e9s par leur instinct naturel, ils peuvent fouiner et jouer \u00e0 souhait dans la paille. \u00c9lev\u00e9s sur la paille, nos animaux sont plus calmes et plus toniques. Des animaux sains et \u00e9panouis&nbsp;!&nbsp;<\/p>\n\n\n\n<div style=\"height:50px\" aria-hidden=\"true\" class=\"wp-block-spacer\"><\/div>\n\n\n\n<p class=\"has-medium-font-size\"><strong>Nourris avec les c\u00e9r\u00e9ales cultiv\u00e9es sur place.<\/strong><\/p>\n\n\n\n<figure class=\"wp-block-gallery alignright has-nested-images columns-default is-cropped wp-block-gallery-1 is-layout-flex wp-block-gallery-is-layout-flex\">\n<figure class=\"wp-block-image size-full is-style-rounded\"><img loading=\"lazy\" decoding=\"async\" width=\"2560\" height=\"1440\" data-id=\"522\" src=\"http:\/\/ferme-du-grommendyck.fr\/wp-content\/uploads\/2025\/07\/dji_fly_20250502_094212_247_1746172862376_photo-scaled.jpg\" alt=\"\" class=\"wp-image-522\" srcset=\"https:\/\/ferme-du-grommendyck.fr\/wp-content\/uploads\/2025\/07\/dji_fly_20250502_094212_247_1746172862376_photo-scaled.jpg 2560w, https:\/\/ferme-du-grommendyck.fr\/wp-content\/uploads\/2025\/07\/dji_fly_20250502_094212_247_1746172862376_photo-300x169.jpg 300w, https:\/\/ferme-du-grommendyck.fr\/wp-content\/uploads\/2025\/07\/dji_fly_20250502_094212_247_1746172862376_photo-1024x576.jpg 1024w, https:\/\/ferme-du-grommendyck.fr\/wp-content\/uploads\/2025\/07\/dji_fly_20250502_094212_247_1746172862376_photo-768x432.jpg 768w, https:\/\/ferme-du-grommendyck.fr\/wp-content\/uploads\/2025\/07\/dji_fly_20250502_094212_247_1746172862376_photo-1536x864.jpg 1536w, https:\/\/ferme-du-grommendyck.fr\/wp-content\/uploads\/2025\/07\/dji_fly_20250502_094212_247_1746172862376_photo-2048x1152.jpg 2048w\" sizes=\"auto, (max-width: 2560px) 100vw, 2560px\" \/><\/figure>\n<\/figure>\n\n\n\n<p>Pour garantir une viande et une charcuterie de qualit\u00e9, la Ferme du Grommendyck a d\u00e9cid\u00e9 de nourrir son \u00e9levage gr\u00e2ce \u00e0 sa propre culture de c\u00e9r\u00e9ales.&nbsp;<\/p>\n\n\n\n<p>Nos animaux sont nourris principalement avec des mati\u00e8res premi\u00e8res nobles s\u00e9lectionn\u00e9es telles que le bl\u00e9, l\u2019orge, des pulpes de betteraves, le colza, l\u2019avoine, les f\u00e9veroles, \u2026&nbsp;Une culture vari\u00e9e pour garantir une nourriture \u00e9quilibr\u00e9e \u00e0 nos animaux.<\/p>\n\n\n\n<p><strong><em>Nos animaux sont \u00e9lev\u00e9s sur paille. <\/em><\/strong><em><strong>Leur liti\u00e8re est paill\u00e9e chaque semaine par l\u2019apport d\u2019une belle paille produite sur la ferme<\/strong><\/em>.<\/p>\n\n\n\n<div style=\"height:50px\" aria-hidden=\"true\" class=\"wp-block-spacer\"><\/div>\n\n\n<div class=\"wp-block-image\">\n<figure class=\"alignleft size-large is-resized\"><img loading=\"lazy\" decoding=\"async\" width=\"1024\" height=\"683\" src=\"https:\/\/ferme-du-grommendyck.fr\/wp-content\/uploads\/2023\/05\/Photo-principale-paysage-Ferme-du-Grommendyck-1024x683.jpg\" alt=\"\" class=\"wp-image-348\" style=\"width:442px;height:294px\" srcset=\"https:\/\/ferme-du-grommendyck.fr\/wp-content\/uploads\/2023\/05\/Photo-principale-paysage-Ferme-du-Grommendyck-1024x683.jpg 1024w, https:\/\/ferme-du-grommendyck.fr\/wp-content\/uploads\/2023\/05\/Photo-principale-paysage-Ferme-du-Grommendyck-300x200.jpg 300w, https:\/\/ferme-du-grommendyck.fr\/wp-content\/uploads\/2023\/05\/Photo-principale-paysage-Ferme-du-Grommendyck-768x512.jpg 768w, https:\/\/ferme-du-grommendyck.fr\/wp-content\/uploads\/2023\/05\/Photo-principale-paysage-Ferme-du-Grommendyck-1536x1024.jpg 1536w, https:\/\/ferme-du-grommendyck.fr\/wp-content\/uploads\/2023\/05\/Photo-principale-paysage-Ferme-du-Grommendyck-2048x1365.jpg 2048w, https:\/\/ferme-du-grommendyck.fr\/wp-content\/uploads\/2023\/05\/Photo-principale-paysage-Ferme-du-Grommendyck-360x240.jpg 360w\" sizes=\"auto, (max-width: 1024px) 100vw, 1024px\" \/><\/figure>\n<\/div>\n\n\n<p><a href=\"http:\/\/ferme-du-grommendyck.com\/wp-content\/uploads\/THI_45751.jpg\"><\/a><\/p>\n\n\n\n<p class=\"has-medium-font-size\"><strong>De la viande &amp; de la charcuterie de tradition&nbsp;!<\/strong><\/p>\n\n\n\n<p>C\u2019est gr\u00e2ce \u00e0 cet \u00e9levage de qualit\u00e9 que la Ferme du Grommendyck vous propose de la viande de porc et de la charcuterie de tradition au go\u00fbt authentique. Nous \u00e9laborons des produits tels que du r\u00f4ti de porc, saut\u00e9 de porc, jambon fermier, saucisses, p\u00e2t\u00e9s de campagne, rillettes,\u2026&nbsp;: que des produits frais de qualit\u00e9 pour vous r\u00e9galer.&nbsp;<\/p>\n\n\n\n<p>Tous les produits sont \u00e9labor\u00e9s sur place avec des recettes traditionnelles. Quelques ingr\u00e9dients simples&nbsp;: des \u00e9pices, des aromates, du sel et du poivre. Le tout sans colorant. Au-del\u00e0 des ingr\u00e9dients, nous utilisons un fumoir \u00e0 base de sciure de h\u00eatre.&nbsp;<\/p>\n\n\n\n<p>Pour garantir la fra\u00eecheur de nos produits, nous ne pratiquons que de la vente directe via <a href=\"http:\/\/ferme-du-grommendyck.com\/nos-produits\/\"><strong>nos boutiques et march\u00e9s.<\/strong><\/a><\/p>\n\n\n\n<figure class=\"wp-block-image size-large\"><img loading=\"lazy\" decoding=\"async\" width=\"1024\" height=\"768\" src=\"https:\/\/ferme-du-grommendyck.fr\/wp-content\/uploads\/2023\/05\/image-3-1024x768.png\" alt=\"\" class=\"wp-image-53\" srcset=\"https:\/\/ferme-du-grommendyck.fr\/wp-content\/uploads\/2023\/05\/image-3-1024x768.png 1024w, https:\/\/ferme-du-grommendyck.fr\/wp-content\/uploads\/2023\/05\/image-3-300x225.png 300w, https:\/\/ferme-du-grommendyck.fr\/wp-content\/uploads\/2023\/05\/image-3-768x576.png 768w, https:\/\/ferme-du-grommendyck.fr\/wp-content\/uploads\/2023\/05\/image-3-1536x1152.png 1536w, https:\/\/ferme-du-grommendyck.fr\/wp-content\/uploads\/2023\/05\/image-3.png 1600w\" sizes=\"auto, (max-width: 1024px) 100vw, 1024px\" \/><\/figure>\n\n\n\n<div style=\"height:10px\" aria-hidden=\"true\" class=\"wp-block-spacer\"><\/div>\n\n\n\n<div style=\"height:50px\" aria-hidden=\"true\" class=\"wp-block-spacer\"><\/div>\n\n\n\n<p class=\"has-medium-font-size\"><strong>Une ferme, partenaire de la production locale.<\/strong><\/p>\n\n\n<div class=\"wp-block-image\">\n<figure class=\"alignleft size-full is-resized\"><img loading=\"lazy\" decoding=\"async\" width=\"150\" height=\"150\" src=\"https:\/\/ferme-du-grommendyck.fr\/wp-content\/uploads\/2023\/05\/image-1.png\" alt=\"\" class=\"wp-image-51\" style=\"width:207px;height:207px\"\/><\/figure>\n<\/div>\n\n\n<p><a href=\"http:\/\/ferme-du-grommendyck.com\/wp-content\/uploads\/BAF-e1428758809979.jpg\"><\/a><\/p>\n\n\n\n<p>La Ferme du Grommendyck participe activement \u00e0 une fabrication locale de produits fermiers et aux circuits courts. Nous adh\u00e9rons \u00e0 la charte Bienvenue \u00e0 la Ferme, un regroupement de fermiers d\u00e9fenseurs de l\u2019agriculture, de la production locale et de la vente directe aux consommateurs. La qualit\u00e9 et le go\u00fbt de notre production sont incontournables pour satisfaire au mieux nos clients.<\/p>\n\n\n\n<div style=\"height:50px\" aria-hidden=\"true\" class=\"wp-block-spacer\"><\/div>\n\n\n\n<div class=\"wp-block-buttons is-content-justification-center is-layout-flex wp-container-core-buttons-is-layout-a89b3969 wp-block-buttons-is-layout-flex\">\n<div class=\"wp-block-button has-custom-width wp-block-button__width-75 is-style-fill\"><a class=\"wp-block-button__link has-white-color has-accent-background-color has-text-color has-background has-text-align-center has-custom-font-size wp-element-button\" href=\"https:\/\/ferme-du-grommendyck.fr\/index.php\/nos-produits\/\" style=\"border-radius:0px;font-size:16px\"><strong>D\u00e9couvrir&nbsp;<\/strong><strong>nos produits fermiers<\/strong><\/a><\/div>\n<\/div>\n\n\n\n<div style=\"height:30px\" aria-hidden=\"true\" class=\"wp-block-spacer\"><\/div>\n\n\n\n<p class=\"has-text-align-center has-small-font-size\"><a href=\"https:\/\/ferme-du-grommendyck.fr\/\" title=\"\">Retour \u00e0 l&#8217;accueil<\/a><\/p>\n","protected":false},"excerpt":{"rendered":"<p>Au c\u0153ur de la Flandre maritime, la Ferme du Grommendyck \u00e9l\u00e8ve des porcs nourris aux c\u00e9r\u00e9ales cultiv\u00e9es sur place. C&#8217;est depuis 1995 que la Ferme du Grommendyck d\u00e9fend la production locale et les circuits courts pour garantir un go\u00fbt incomparable. Un \u00e9levage de qualit\u00e9 L\u2019\u00e9quipe de la Ferme du Grommendyck [&hellip;]<\/p>\n","protected":false},"author":1,"featured_media":0,"parent":0,"menu_order":0,"comment_status":"closed","ping_status":"closed","template":"","meta":{"_monsterinsights_skip_tracking":false,"_monsterinsights_sitenote_active":false,"_monsterinsights_sitenote_note":"","_monsterinsights_sitenote_category":0,"footnotes":""},"class_list":["post-49","page","type-page","status-publish","hentry"],"aioseo_notices":[],"_links":{"self":[{"href":"https:\/\/ferme-du-grommendyck.fr\/index.php\/wp-json\/wp\/v2\/pages\/49","targetHints":{"allow":["GET"]}}],"collection":[{"href":"https:\/\/ferme-du-grommendyck.fr\/index.php\/wp-json\/wp\/v2\/pages"}],"about":[{"href":"https:\/\/ferme-du-grommendyck.fr\/index.php\/wp-json\/wp\/v2\/types\/page"}],"author":[{"embeddable":true,"href":"https:\/\/ferme-du-grommendyck.fr\/index.php\/wp-json\/wp\/v2\/users\/1"}],"replies":[{"embeddable":true,"href":"https:\/\/ferme-du-grommendyck.fr\/index.php\/wp-json\/wp\/v2\/comments?post=49"}],"version-history":[{"count":18,"href":"https:\/\/ferme-du-grommendyck.fr\/index.php\/wp-json\/wp\/v2\/pages\/49\/revisions"}],"predecessor-version":[{"id":713,"href":"https:\/\/ferme-du-grommendyck.fr\/index.php\/wp-json\/wp\/v2\/pages\/49\/revisions\/713"}],"wp:attachment":[{"href":"https:\/\/ferme-du-grommendyck.fr\/index.php\/wp-json\/wp\/v2\/media?parent=49"}],"curies":[{"name":"wp","href":"https:\/\/api.w.org\/{rel}","templated":true}]}}

<p>Au cœur de la Flandre maritime, la Ferme du Grommendyck élève des porcs nourris aux céréales cultivées sur place. C&#8217;est depuis 1995 que la Ferme du Grommendyck défend la production locale et les circuits courts pour garantir un goût incomparable.</p>



<div style="height:50px" aria-hidden="true" class="wp-block-spacer"></div>



<h2 class="wp-block-heading has-medium-font-size"><strong>Un élevage de qualité</strong></h2>


<div class="wp-block-image">
<figure class="alignleft size-large is-resized"><img loading="lazy" decoding="async" width="1024" height="678" src="http://ferme-du-grommendyck.fr/wp-content/uploads/2023/05/THI_4500-1024x678.jpg" alt="" class="wp-image-22" style="width:408px;height:269px" srcset="https://ferme-du-grommendyck.fr/wp-content/uploads/2023/05/THI_4500-1024x678.jpg 1024w, https://ferme-du-grommendyck.fr/wp-content/uploads/2023/05/THI_4500-300x199.jpg 300w, https://ferme-du-grommendyck.fr/wp-content/uploads/2023/05/THI_4500-768x509.jpg 768w, https://ferme-du-grommendyck.fr/wp-content/uploads/2023/05/THI_4500-1536x1017.jpg 1536w, https://ferme-du-grommendyck.fr/wp-content/uploads/2023/05/THI_4500-2048x1356.jpg 2048w" sizes="auto, (max-width: 1024px) 100vw, 1024px" /></figure>
</div>


<p>L’équipe de la Ferme du Grommendyck élève environ 80 truies, un élevage de taille moyenne, ainsi que leurs petits. <strong>Cet élevage est composé uniquement de truies de races rustiques sélectionnées pour leur qualité gustative</strong>. Une vraie différence pour vos papilles&nbsp;!</p>



<div style="height:10px" aria-hidden="true" class="wp-block-spacer"></div>



<p>Notre élevage évolue uniquement en fonction des besoins. A raison de 2 portées par an, chaque truie donne naissance à une douzaine de porcelets par portée. Ces porcelets seront allaités jusqu’à 4 semaines après leur naissance.&nbsp;</p>



<p>Une semaine après leur naissance, les porcelets sont mis en liberté sur paille. Une pratique unique&nbsp;!</p>



<p>Gage de qualité, <strong>l’élevage sur paille représente le meilleur milieu naturel </strong>dans lequel nos animaux peuvent grandir. Ainsi, ils sont épanouis. Poussés par leur instinct naturel, ils peuvent fouiner et jouer à souhait dans la paille. Élevés sur la paille, nos animaux sont plus calmes et plus toniques. Des animaux sains et épanouis&nbsp;!&nbsp;</p>



<div style="height:50px" aria-hidden="true" class="wp-block-spacer"></div>



<p class="has-medium-font-size"><strong>Nourris avec les céréales cultivées sur place.</strong></p>



<figure class="wp-block-gallery alignright has-nested-images columns-default is-cropped wp-block-gallery-1 is-layout-flex wp-block-gallery-is-layout-flex">
<figure class="wp-block-image size-full is-style-rounded"><img loading="lazy" decoding="async" width="2560" height="1440" data-id="522" src="http://ferme-du-grommendyck.fr/wp-content/uploads/2025/07/dji_fly_20250502_094212_247_1746172862376_photo-scaled.jpg" alt="" class="wp-image-522" srcset="https://ferme-du-grommendyck.fr/wp-content/uploads/2025/07/dji_fly_20250502_094212_247_1746172862376_photo-scaled.jpg 2560w, https://ferme-du-grommendyck.fr/wp-content/uploads/2025/07/dji_fly_20250502_094212_247_1746172862376_photo-300x169.jpg 300w, https://ferme-du-grommendyck.fr/wp-content/uploads/2025/07/dji_fly_20250502_094212_247_1746172862376_photo-1024x576.jpg 1024w, https://ferme-du-grommendyck.fr/wp-content/uploads/2025/07/dji_fly_20250502_094212_247_1746172862376_photo-768x432.jpg 768w, https://ferme-du-grommendyck.fr/wp-content/uploads/2025/07/dji_fly_20250502_094212_247_1746172862376_photo-1536x864.jpg 1536w, https://ferme-du-grommendyck.fr/wp-content/uploads/2025/07/dji_fly_20250502_094212_247_1746172862376_photo-2048x1152.jpg 2048w" sizes="auto, (max-width: 2560px) 100vw, 2560px" /></figure>
</figure>



<p>Pour garantir une viande et une charcuterie de qualité, la Ferme du Grommendyck a décidé de nourrir son élevage grâce à sa propre culture de céréales.&nbsp;</p>



<p>Nos animaux sont nourris principalement avec des matières premières nobles sélectionnées telles que le blé, l’orge, des pulpes de betteraves, le colza, l’avoine, les féveroles, …&nbsp;Une culture variée pour garantir une nourriture équilibrée à nos animaux.</p>



<p><strong><em>Nos animaux sont élevés sur paille. </em></strong><em><strong>Leur litière est paillée chaque semaine par l’apport d’une belle paille produite sur la ferme</strong></em>.</p>



<div style="height:50px" aria-hidden="true" class="wp-block-spacer"></div>


<div class="wp-block-image">
<figure class="alignleft size-large is-resized"><img loading="lazy" decoding="async" width="1024" height="683" src="https://ferme-du-grommendyck.fr/wp-content/uploads/2023/05/Photo-principale-paysage-Ferme-du-Grommendyck-1024x683.jpg" alt="" class="wp-image-348" style="width:442px;height:294px" srcset="https://ferme-du-grommendyck.fr/wp-content/uploads/2023/05/Photo-principale-paysage-Ferme-du-Grommendyck-1024x683.jpg 1024w, https://ferme-du-grommendyck.fr/wp-content/uploads/2023/05/Photo-principale-paysage-Ferme-du-Grommendyck-300x200.jpg 300w, https://ferme-du-grommendyck.fr/wp-content/uploads/2023/05/Photo-principale-paysage-Ferme-du-Grommendyck-768x512.jpg 768w, https://ferme-du-grommendyck.fr/wp-content/uploads/2023/05/Photo-principale-paysage-Ferme-du-Grommendyck-1536x1024.jpg 1536w, https://ferme-du-grommendyck.fr/wp-content/uploads/2023/05/Photo-principale-paysage-Ferme-du-Grommendyck-2048x1365.jpg 2048w, https://ferme-du-grommendyck.fr/wp-content/uploads/2023/05/Photo-principale-paysage-Ferme-du-Grommendyck-360x240.jpg 360w" sizes="auto, (max-width: 1024px) 100vw, 1024px" /></figure>
</div>


<p><a href="http://ferme-du-grommendyck.com/wp-content/uploads/THI_45751.jpg"></a></p>



<p class="has-medium-font-size"><strong>De la viande &amp; de la charcuterie de tradition&nbsp;!</strong></p>



<p>C’est grâce à cet élevage de qualité que la Ferme du Grommendyck vous propose de la viande de porc et de la charcuterie de tradition au goût authentique. Nous élaborons des produits tels que du rôti de porc, sauté de porc, jambon fermier, saucisses, pâtés de campagne, rillettes,…&nbsp;: que des produits frais de qualité pour vous régaler.&nbsp;</p>



<p>Tous les produits sont élaborés sur place avec des recettes traditionnelles. Quelques ingrédients simples&nbsp;: des épices, des aromates, du sel et du poivre. Le tout sans colorant. Au-delà des ingrédients, nous utilisons un fumoir à base de sciure de hêtre.&nbsp;</p>



<p>Pour garantir la fraîcheur de nos produits, nous ne pratiquons que de la vente directe via <a href="http://ferme-du-grommendyck.com/nos-produits/"><strong>nos boutiques et marchés.</strong></a></p>



<figure class="wp-block-image size-large"><img loading="lazy" decoding="async" width="1024" height="768" src="https://ferme-du-grommendyck.fr/wp-content/uploads/2023/05/image-3-1024x768.png" alt="" class="wp-image-53" srcset="https://ferme-du-grommendyck.fr/wp-content/uploads/2023/05/image-3-1024x768.png 1024w, https://ferme-du-grommendyck.fr/wp-content/uploads/2023/05/image-3-300x225.png 300w, https://ferme-du-grommendyck.fr/wp-content/uploads/2023/05/image-3-768x576.png 768w, https://ferme-du-grommendyck.fr/wp-content/uploads/2023/05/image-3-1536x1152.png 1536w, https://ferme-du-grommendyck.fr/wp-content/uploads/2023/05/image-3.png 1600w" sizes="auto, (max-width: 1024px) 100vw, 1024px" /></figure>



<div style="height:10px" aria-hidden="true" class="wp-block-spacer"></div>



<div style="height:50px" aria-hidden="true" class="wp-block-spacer"></div>



<p class="has-medium-font-size"><strong>Une ferme, partenaire de la production locale.</strong></p>


<div class="wp-block-image">
<figure class="alignleft size-full is-resized"><img loading="lazy" decoding="async" width="150" height="150" src="https://ferme-du-grommendyck.fr/wp-content/uploads/2023/05/image-1.png" alt="" class="wp-image-51" style="width:207px;height:207px"/></figure>
</div>


<p><a href="http://ferme-du-grommendyck.com/wp-content/uploads/BAF-e1428758809979.jpg"></a></p>



<p>La Ferme du Grommendyck participe activement à une fabrication locale de produits fermiers et aux circuits courts. Nous adhérons à la charte Bienvenue à la Ferme, un regroupement de fermiers défenseurs de l’agriculture, de la production locale et de la vente directe aux consommateurs. La qualité et le goût de notre production sont incontournables pour satisfaire au mieux nos clients.</p>



<div style="height:50px" aria-hidden="true" class="wp-block-spacer"></div>



<div class="wp-block-buttons is-content-justification-center is-layout-flex wp-container-core-buttons-is-layout-a89b3969 wp-block-buttons-is-layout-flex">
<div class="wp-block-button has-custom-width wp-block-button__width-75 is-style-fill"><a class="wp-block-button__link has-white-color has-accent-background-color has-text-color has-background has-text-align-center has-custom-font-size wp-element-button" href="https://ferme-du-grommendyck.fr/index.php/nos-produits/" style="border-radius:0px;font-size:16px"><strong>Découvrir&nbsp;</strong><strong>nos produits fermiers</strong></a></div>
</div>



<div style="height:30px" aria-hidden="true" class="wp-block-spacer"></div>



<p class="has-text-align-center has-small-font-size"><a href="https://ferme-du-grommendyck.fr/" title="">Retour à l&#8217;accueil</a></p>

<p>Au cœur de la Flandre maritime, la Ferme du Grommendyck élève des porcs nourris aux céréales cultivées sur place. C&#8217;est depuis 1995 que la Ferme du Grommendyck défend la production locale et les circuits courts pour garantir un goût incomparable. Un élevage de qualité L’équipe de la Ferme du Grommendyck [&hellip;]</p>
